59, 179
List the prime factors of 2777.
2777
What are the prime factors of 134766?
2, 3, 7487
What are the prime factors of 1342?
2, 11, 61
What are the prime factors of 12740?
2, 5, 7, 13
List the prime factors of 87.
3, 29
List the prime factors of 46218.
2, 3, 7703
List the prime factors of 6769.
7, 967
What are the prime factors of 17640?
2, 3, 5, 7
List the prime factors of 860.
2, 5, 43
List the prime factors of 1264.
2, 79
What are the prime factors of 83364?
2, 3, 6947
List the prime factors of 820.
2, 5, 41
List the prime factors of 24306.
2, 3, 4051
List the prime factors of 2074.
2, 17, 61
What are the prime factors of 2162?
2, 23, 47
What are the prime factors of 45590?
2, 5, 47, 97
What are the prime factors of 2541?
3, 7, 11
What are the prime factors of 13053?
3, 19, 229
What are the prime factors of 1948?
2, 487
List the prime factors of 400.
2, 5
List the prime factors of 1990.
2, 5, 199
What are the prime factors of 14811?
3, 4937
What are the prime factors of 523?
523
List the prime factors of 28729.
28729
What are the prime factors of 5333?
5333
List the prime factors of 19157.
19157
What are the prime factors of 25353?
3, 313
List the prime factors of 10595.
5, 13, 163
What are the prime factors of 4216?
2, 17, 31
List the prime factors of 124.
2, 31
What are the prime factors of 9693?
3, 359
What are the prime factors of 58015?
5, 41, 283
What are the prime factors of 382?
2, 191
List the prime factors of 21018.
2, 3, 31, 113
List the prime factors of 420.
2, 3, 5, 7
What are the prime factors of 32159?
32159
What are the prime factors of 138463?
13, 10651
What are the prime factors of 1925?
5, 7, 11
What are the prime factors of 111435?
3, 5, 17, 19, 23
List the prime factors of 102367.
102367
List the prime factors of 147.
3, 7
List the prime factors of 3935.
5, 787
What are the prime factors of 13056?
2, 3, 17
List the prime factors of 10570.
2, 5, 7, 151
List the prime factors of 11776.
2, 23
List the prime factors of 891.
3, 11
What are the prime factors of 2415?
3, 5, 7, 23
List the prime factors of 36450.
2, 3, 5
What are the prime factors of 1707?
3, 569
List the prime factors of 3331.
3331
List the prime factors of 133284.
2, 3, 29, 383
What are the prime factors of 8984?
2, 1123
List the prime factors of 262.
2, 131
List the prime factors of 7521.
3, 23, 109
What are the prime factors of 249?
3, 83
List the prime factors of 24331.
29, 839
List the prime factors of 16507.
17, 971
List the prime factors of 106606.
2, 151, 353
List the prime factors of 991.
991
List the prime factors of 18015.
3, 5, 1201
What are the prime factors of 810?
2, 3, 5
List the prime factors of 1156.
2, 17
What are the prime factors of 9989?
7, 1427
List the prime factors of 35305.
5, 23, 307
What are the prime factors of 11699?
11699
List the prime factors of 3775.
5, 151
List the prime factors of 10366.
2, 71, 73
List the prime factors of 24006.
2, 3, 4001
What are the prime factors of 7736?
2, 967
What are the prime factors of 1114?
2, 557
List the prime factors of 50618.
2, 25309
What are the prime factors of 47734?
2, 29, 823
List the prime factors of 473.
11, 43
What are the prime factors of 27506?
2, 17, 809
What are the prime factors of 6828?
2, 3, 569
What are the prime factors of 81000?
2, 3, 5
List the prime factors of 608.
2, 19
List the prime factors of 103.
103
What are the prime factors of 1077?
3, 359
What are the prime factors of 2639?
7, 13, 29
List the prime factors of 69858.
2, 3, 3881
What are the prime factors of 11186?
2, 7, 17, 47
What are the prime factors of 5371?
41, 131
List the prime factors of 84912.
2, 3, 29, 61
What are the prime factors of 7664?
2, 479
List the prime factors of 8300.
2, 5, 83
What are the prime factors of 54201?
3, 7, 29, 89
What are the prime factors of 2991?
3, 997
List the prime factors of 2505.
3, 5, 167
List the prime factors of 14386.
2, 7193
What are the prime factors of 8494?
2, 31, 137
What are the prime factors of 1213?
1213
List the prime factors of 11158.
2, 7, 797
List the prime factors of 16317.
3, 7, 37
List the prime factors of 2642.
2, 1321
What are the prime factors of 1632?
2, 3, 17
List the prime factors of 40107.
3, 29, 461
What are the prime factors of 5306?
2, 7, 379
List the prime factors of 124560.
2, 3, 5, 173
List the prime factors of 1778.
2, 7, 127
List the prime factors of 41188.
2, 7, 1471
List the prime factors of 667.
23, 29
List the prime factors of 187785.
3, 5, 13, 107
What are the prime factors of 10595?
5, 13, 163
What are the prime factors of 6543?
3, 727
List the prime factors of 3027.
3, 1009
List the prime factors of 44766.
2, 3, 829
What are the prime factors of 28242?
2, 3, 523
List the prime factors of 76836.
2, 3, 19, 337
List the prime factors of 1406.
2, 19, 37
List the prime factors of 291.
3, 97
List the prime factors of 4416.
2, 3, 23
What are the prime factors of 3117?
3, 1039
List the prime factors of 9433.
9433
What are the prime factors of 7316?
2, 31, 59
What are the prime factors of 1704?
2, 3, 71
What are the prime factors of 16746?
2, 3, 2791
List the prime factors of 6500.
2, 5, 13
List the prime factors of 12138.
2, 3, 7, 17
List the prime factors of 3414.
2, 3, 569
List the prime factors of 1160.
2, 5, 29
What are the prime factors of 26129?
17, 29, 53
List the prime factors of 2784.
2, 3, 29
What are the prime factors of 11488?
2, 359
List the prime factors of 151767.
3, 7, 11, 73
List the prime factors of 42532.
2, 7, 31
List the prime factors of 59546.
2, 19, 1567
What are the prime factors of 21529?
21529
List the prime factors of 435.
3, 5, 29
What are the prime factors of 9747?
3, 19
What are the prime factors of 86486?
2, 83, 521
What are the prime factors of 156336?
2, 3, 3257
What are the prime factors of 19952?
2, 29, 43
List the prime factors of 11552.
2, 19
List the prime factors of 6097.
7, 13, 67
What are the prime factors of 35492?
2, 19, 467
List the prime factors of 12520.
2, 5, 313
What are the prime factors of 10140?
2, 3, 5, 13
What are the prime factors of 104554?
2, 61, 857
What are the prime factors of 758?
2, 379
What are the prime factors of 42786?
2, 3, 2377
List the prime factors of 1070.
2, 5, 107
List the prime factors of 7688.
2, 31
What are the prime factors of 110232?
2, 3, 1531
List the prime factors of 2805.
3, 5, 11, 17
List the prime factors of 2724.
2, 3, 227
What are the prime factors of 562?
2, 281
List the prime factors of 2125.
5, 17
List the prime factors of 19512.
2, 3, 271
List the prime factors of 35353.
35353
List the prime factors of 1049.
1049
What are the prime factors of 1184?
2, 37
List the prime factors of 3977.
41, 97
What are the prime factors of 93554?
2, 29, 1613
List the prime factors of 2052.
2, 3, 19
List the prime factors of 16080.
2, 3, 5, 67
List the prime factors of 17790.
2, 3, 5, 593
What are the prime factors of 2497?
11, 227
List the prime factors of 269.
269
What are the prime factors of 91542?
2, 3, 11, 19, 73
What are the prime factors of 3388?
2, 7, 11
List the prime factors of 7710.
2, 3, 5, 257
List the prime factors of 582.
2, 3, 97
List the prime factors of 437.
19, 23
What are the prime factors of 2364?
2, 3, 197
List the prime factors of 3016.
2, 13, 29
List the prime factors of 13976.
2, 1747
List the prime factors of 3699.
3, 137
What are the prime factors of 772?
2, 193
What are the prime factors of 2774?
2, 19, 73
List the prime factors of 891.
3, 11
List the prime factors of 2010.
2, 3, 5, 67
List the prime factors of 4447.
4447
List the prime factors of 3171.
3, 7, 151
What are the prime factors of 3623?
3623
What are the prime factors of 465?
3, 5, 31
List the prime factors of 7267.
13, 43
List the prime factors of 1104.
2, 3, 23
What are the prime factors of 2252?
2, 563
List the prime factors of 153662.
2, 76831
What are the prime factors of 20952?
2, 3, 97
List the prime factors of 2979.
3, 331
What are the prime factors of 13946?
2, 19, 367
List the prime factors of 2229.
3, 743
What are the prime factors of 6694?
2, 3347
List the prime factors of 36.
2, 3
What are the prime factors of 171092?
2, 42773
List the prime factors of 353.
353
What are the prime factors of 8302?
2, 7, 593
What are the prime factors of 22918?
2, 7, 1637
What ar